 -4*v**2 + 0 - 1/24*v**4 - 1/60*v**5 + 0*v + 0*v**3. Suppose 2*y + 5 + 2 = u, -3*u = 2*y + 11. Determine m(u).
0
Suppose 5 = 3*y + 2*y. Let u = y + 1. Let z(x) = -81*x**2 + 74*x**u - 3*x**3 + 2*x**3 - 6 - 9*x. Calculate z(-6).
12
Let d(m) be the second derivative of m**5/20 + 5*m**4/12 - 7*m**3/6 + m**2/2 + 24*m. Calculate d(-6).
7
Suppose 16 = 4*y + 4. Suppose -2*x - 4 = -y*u - 0*u, 0 = 5*u + 4*x - 36. Let h(z) = -z - 4. What is h(u)?
-8
Suppose -4*q + 3*f = 0, 3*q - 7*q + 5*f = 0. Let o(w) be the second derivative of q + 3/2*w**2 + 3*w + 5/6*w**3 - 1/4*w**4 - 1/20*w**5. What is o(-3)?
-12
Let h(t) be the third derivative of t**5/60 + 7*t**4/12 + t**3/2 - 23*t**2. What is h(-11)?
-30
Let o(f) be the first derivative of -1/4*f**4 - 5*f - 13 + 3*f**2 + 4/3*f**3. Give o(5).
0
Let c = 3 - 0. Let v(x) = 0 + 1 + 1 - 84*x + 88*x. Give v(c).
14
Let x = 54 + -54. Let j(c) = x*c**2 - 7*c - 6 + 3*c**2 - 4*c**2. Calculate j(-4).
6
Let o be (3 + -12)*(-3)/9. Let x(g) = -g**3 + 4*g**2 - 3*g - 1. Calculate x(o).
-1
Let t = -510 - -505. Let z(q) = -q**3 - 2*q**2 + 6*q - 7. Give z(t).
38
Let l be 4/(-14) + 69/21. Suppose -l*c = -6*c. Suppose -5*m + 1 + 19 = c. Let g(s) = -2*s + 5. What is g(m)?
-3
Suppose 38 = -9*h + 28*h. Let r(u) = 2*u**2 - u - 3. Calculate r(h).
3
Let o(m) = -m**2 - 2*m - 1. Let w = 380 - 381. What is o(w)?
0
Suppose -q - 10 = q, 3*q = 3*j - 30. Suppose -4*o + v - 16 = 0, -o = -4*o + j*v + 5. Let n(z) = z**2 + 4*z + 1. What is n(o)?
6
Suppose 12 = 2*w + 8. Let s(i) = w*i + 0*i - 5 - 5*i + 1. Let h be 14/(-4) - (-6)/(-12). Calculate s(h).
8
Let w(n) = 11*n + 1. Let o(y) = 9*y. Let f(q) = -3*o(q) + 2*w(q). Let b(g) = g**3 - 12*g**2 + 11*g. Let l be b(11). Let x be -1 + -5 + (l - -3). Determine f(x).
17
Let j be (4/6)/((-2)/(-9)). Let g(f) = 2 - f + 5 - j. Let h = -1115 - -1117. Determine g(h).
2
Let u(k) = -k**2 + 39*k - 380. Let m be u(21). Let i(o) = 4*o**2 + 3. Give i(m).
19
Let o = -509 + 518. Let g(q) = -q**3 - 7*q**2 + 2*q + 1. Let n(r) = 5*r**3 + 27*r**2 - 9*r - 3. Let x(h) = -9*g(h) - 2*n(h). Give x(o).
-3
Let t(r) be the first derivative of -2*r**2 - 1/12*r**4 - 2/3*r**3 + 1 - 2*r. Let p(h) be the first derivative of t(h). What is p(-4)?
-4
Let n(o) = -27*o + 3. Let r(x) = -33*x + 4. Let a(d) = -5*n(d) + 4*r(d). Give a(3).
10
Let t(i) be the second derivative of i**7/2520 + i**6/144 - 7*i**5/120 - 17*i**4/6 - 15*i. Let r(l) be the third derivative of t(l). Determine r(-8).
17
Suppose -g = 3*g - 20. Let d be (-1)/1 - (-8 + g). Let f(a) be the first derivative of 4*a**3/3 - a**2 + 1. Give f(d).
12
Let k be 3/45*-6 + (-13)/5. Let q(h) = -h**3 + 4*h**2 + h + 4. What is q(k)?
64
Let r = 4 + -7. Let p(h) be the first derivative of -h**4/4 - h**3 + h**2 - 261. Calculate p(r).
-6
Let y(n) = n**2 + 3*n + 1. Suppose 7*c = -2*x + 10*c - 15, 3*c = 5*x + 33. What is y(x)?
19
Suppose 5*d - 67 - 43 = 0. Suppose -3*n + 10 = d. Let u(g) be the third derivative of g**6/120 + g**5/20 - g**4/8 - 2*g**3/3 + 4*g**2. What is u(n)?
-8
Suppose -28 + 13 = -3*f. Suppose r - 3 = w + f, -r - 4 = w. Let g(b) = b. Give g(w).
-6
Let r(c) be the second derivative of -c**4/12 - 3*c**3/2 - 5*c**2/2 - 116*c + 1. What is r(-9)?
-5
Let n(z) = 2*z**3 + 2*z**2 + 10. Suppose 2*k - 3 = -k. Suppose 0 = -5*s + 6 - k. Let d(l) = -l**3 + l**2 - 1. Let b(a) = s*n(a) + 3*d(a). What is b(5)?
7
Let s(u) = u + 8. Let h be s(-12). Let b = 8 + h. Let w(c) = c - 3. Calculate w(b).
1
Let k(j) = -j**2 - 2*j - 1. Let o be 12/(-20)*(0 - 5). Let b(g) = 2*g - 1 + o + g**2 + 0*g - 1. Let i(a) = 5*b(a) + 4*k(a). Calculate i(-1).
0
Let w(c) = -c + 3. Let o(u) be the first derivative of -6*u**2 + 39*u - 1. Let v(r) = -3*r + 10. Let m(j) = 2*o(j) - 9*v(j). Let y be m(6). Determine w(y).
-3
Suppose 7*b - 1 = 13. Let n(z) = -z**3 - z**2 - z - 1. What is n(b)?
-15
Let m(r) be the first derivative of -r**4/4 + 7*r**3/3 - 3*r**2 + 3*r - 34. Determine m(6).
3
Let y(x) = 2*x**3 + 3*x**2 + x + 2. Let r = 189 + -191. What is y(r)?
-4
Let x(a) = -a**3 - a - 1. Let m(l) = 3*l**3 - 5*l**2 - 5*l + 5. Let z(q) = -m(q) - 2*x(q). Suppose 38 = -4*f - 18. Let y = f - -20. What is z(y)?
3
Let c(i) = i**2 - 11*i + 1. Let r = 323 - 315. What is c(r)?
-23
Let a(q) = 31 - 20 + q - 12. Let h(f) = -f + 4. Let n be h(3). Determine a(n).
0
Let i(q) be the first derivative of -q**4/8 - 14*q**2 - 14. Let g(n) be the second derivative of i(n). Give g(-1).
3
Let i(z) = z + 6. Let m be i(-9). Let y(p) = -8*p + 5. Let r(g) = -4*g + 3. Let a(u) = m*y(u) + 5*r(u). Suppose -v - 3 + 4 = 0. Give a(v).
4
Let l = 8 + 28. Suppose l*t - 35*t = 3. Let r(p) = -p**3 + 3*p. Give r(t).
-18
Let z(b) be the second derivative of b**7/840 + b**6/72 + 5*b**4/24 - b**3/6 - b. Let f(r) be the second derivative of z(r). Suppose -4 = -o - 9. Give f(o).
5
Let i be -3 - (2 + 0 + (0 - 1)). Let p be (5/10)/((-2)/i). Let c(f) = -2*f - 1. Calculate c(p).
-3
Let a(t) = t**2 - 9*t - 11. Suppose 15 = 3*q - 4*g, -q + 2*g - 3*g + 12 = 0. Give a(q).
-11
Let j(i) = -i**2 + 4*i. Let l(k) = -k**3 + 7*k**2 + 5. Let n be l(7). Let r be (36/15)/(2/n). What is j(r)?
-12
Let q(k) = 4*k + 1. Let l = 18 - 16. Let t be (-7 + l)*((-16)/(-5) - 2). Give q(t).
-23
Let a be 3/(5/2 - (-1 - -2)). Let x(s) = 1 - 5 + 3 + 266*s**2 - 7*s - 267*s**a. Calculate x(-6).
5
Let h(n) = n. Let u(o) be the first derivative of 11*o**2/2 - o - 5. Let q(m) = -3*h(m) + u(m). Let i(a) = -a - 10. Let s be i(-11). What is q(s)?
7
Let g(j) = -j**2 + j + 4. Let i be 0/(4/(6/(-3))). Suppose -q + i = 3. Calculate g(q).
-8
Let t(a) = -4*a - 9. Let q(l) = 7*l + 17. Let y(p) = 3*q(p) + 5*t(p). Suppose -d = -0 + 2, 4*d = 4*r - 16. Let n be r + (1*-9 - -2). Determine y(n).
1
Let f(j) = -j**3 + 7*j**2 - 2*j + 14. Let r be f(7). Suppose r*i - 5*i = 20. Let b(d) = d**2 + 8*d + 5. Calculate b(i).
-11
Let p(j) = j**2 - 9*j + 2. Let v(q) = 21*q + 3. Let c be v(-1). Let s be (-6)/(-27) - 68/c. What is p(s)?
-18
Let c(q) be the second derivative of q**4/24 + 5*q**3/6 - 5*q**2 + 32*q. Let i(l) be the first derivative of c(l). Give i(-7).
-2
Let t(l) be the first derivative of l**6/360 - l**5/40 + l**4/8 + 25*l**3/3 + l + 45. Let y(b) be the third derivative of t(b). Give y(3).
3
Let r(b) = b**3 - 29*b**2 + 29*b - 35. Let q = 534 + -506. Calculate r(q).
-7
Let o = -40 + 43. Suppose 0 = -5*q + k - 23, 11 = -8*q + o*q - 3*k. Let t(y) = -y**2 - 2*y. Determine t(q).
-8
Let i = -1 - -2. Let v(s) be the first derivative of 11*s**3/3 - s**2/2 + s - 841. What is v(i)?
11
Let d(r) be the third derivative of r**5/60 + r**4/12 + r**3/3 - 10*r**2. Let w be d(-3). Suppose -w*m = -2*m. Let y(n) = n + 1. Give y(m).
1
Let g(l) = -5*l + 1. Let c(h) = -10*h + 1. Let f(u) = -2*c(u) + 5*g(u). Let o(y) = 14*y - 8. Let m(k) = -7*f(k) - 2*o(k). What is m(4)?
23
Let b be 15/3*(-4)/4. Let v(u) = 6*u - 3*u + u**2 - 3 + 3*u. What is v(b)?
-8
Let o(v) = -3*v**2 + 5*v. Let s = -266 - -268. Give o(s).
-2
Let k(j) = 61*j**2 - 1. Let p = -668 + 667. Give k(p).
60
Let a(m) = -m + 12. Suppose -55 = -5*p + 15. Let j be a(p). Let z be (3/j)/((-6)/(-8)). Let q(b) = b**3 + 3*b**2 + 2*b - 1. Calculate q(z).
-1
Let p(g) = g**3 + 9*g**2 + 8*g + 3. Let t be p(-8). Suppose 3*a = 3*k - 10 - 5, -k + 7 = -t*a. Let w(c) = -2 + 3 - 1313*c**2 + 1328*c**2. Calculate w(a).
16
Let j(x) = -11 - 3*x - x**2 + 14 - 4. Let s(v) = -v**3 + 2*v**2 + 4*v. Let n be s(3). Suppose 0 = z + n*z + 16. What is j(z)?
-5
Let b = -33 - -40. Suppose 5*t + 3*y - 5 = 0, -3*t + b*t - 36 = 4*y. Let v be t*(-9)/(-12) + -1. Let x(f) = -4*f - 2. What is x(v)?
-10
Let h(n) be the first derivative of n**2/2 + 76. What is h(-7)?
-7
Let i be (2/6)/(1/15). Let m(q) be the second derivative of -q**5/60 - q**4/12 + 13*q**3/3 + 28*q. Let h(a) be the second derivative of m(a). Calculate h(i).
-12
Let x(g) = g + 1. Let y = -84 + 77. Calculate x(y).
-6
Let c(z) = -11*z**3 - 4*z**2 + 8*z - 7. Let n(t) = 1 + 2*t**2 + 2 + 11*t + 5*t**3 - 15*t. Let a(w) = 4*c(w) + 9*n(w). What is a(-3)?
2
Let l(w) be the first derivative of -2*w**2 - 8 + 2*w**2 + 2*w**2. Give l(-2).
-8
Let k(r) = 4*r - 9. Let u be 589/95 - 1/5. Determine k(u).
15
Let z(q) = 121*q**2 + 3*q - 1 - 4*q - 124*q**2. Calculate z(2).
-15
Let u be ((-63)/42)/(6/112). Let q = u - -34. Let i(n) = 3*n - 7. Calculate i(q).
11
Let l(c) = c**2 + 8*c - 14